?
False
Does 58 divide 199160750?
False
Does 11 divide 850341213?
False
Is 2401163409 a multiple of 17?
False
Does 74 divide 608919460?
False
Is 13 a factor of 22734660?
True
Is 588 a factor of 44567148?
False
Is 783204032 a multiple of 19?
False
Is 3807 a factor of 374555502?
True
Does 304 divide 488850848?
True
Is 1228951 a multiple of 2?
False
Does 6 divide 16442039?
False
Does 427 divide 2455859?
False
Does 365 divide 177662676?
False
Does 195 divide 12367485?
True
Is 756123180 a multiple of 60?
True
Is 59 a factor of 141222754?
True
Does 20 divide 273251400?
True
Is 445402738 a multiple of 2?
True
Is 499 a factor of 312740673?
False
Does 13 divide 119270262?
False
Does 13 divide 201038895?
False
Does 11 divide 63232125?
True
Does 42 divide 3387125?
False
Is 201 a factor of 32552151?
True
Is 3 a factor of 20189709?
True
Does 52 divide 4224089428?
True
Is 44 a factor of 3307744?
True
Does 679 divide 34137131?
False
Is 515010264 a multiple of 302?
True
Is 2059290 a multiple of 9?
True
Does 423 divide 1354091949?
True
Does 1049 divide 2236715823?
False
Is 132 a factor of 9129259?
False
Is 181 a factor of 25414261?
False
Is 22023463 a multiple of 6?
False
Does 7 divide 72677112?
False
Is 5560426 a multiple of 264?
False
Is 49 a factor of 71550878?
True
Is 121153464 a multiple of 3265?
False
Is 30298148 a multiple of 3383?
True
Does 1912 divide 38587128?
False
Is 1207 a factor of 243494288?
False
Does 254 divide 358369032?
False
Is 34 a factor of 124474952?
True
Does 5 divide 24927861?
False
Is 271700096 a multiple of 64?
True
Is 994401368 a multiple of 2822?
False
Does 3103 divide 577259801?
False
Is 128115295 a multiple of 218?
False
Is 2556 a factor of 99236700?
True
Is 109546222 a multiple of 166?
True
Does 15 divide 17275023?
False
Does 838 divide 3221272?
True
Is 11902 a factor of 315902884?
True
Is 79 a factor of 32432869?
False
Does 1069 divide 350557757?
False
Is 91429179 a multiple of 61?
True
Is 2909064550 a multiple of 90?
False
Does 145 divide 132451990?
True
Does 80 divide 7629200?
True
Is 3114 a factor of 295733466?
True
Is 100944024 a multiple of 37?
False
Does 1928 divide 201718121?
False
Does 8 divide 11495088?
True
Is 158697244 a multiple of 9?
False
Is 58 a factor of 4829267?
False
Is 31378138 a multiple of 22?
True
Does 166 divide 115565835?
False
Is 3717 a factor of 119618953?
False
Is 380 a factor of 24602720?
True
Does 75 divide 2693915451?
False
Is 4 a factor of 49382530?
False
Is 3484 a factor of 189246739?
False
Does 469 divide 136604223?
True
Is 793 a factor of 67275692?
False
Does 8591 divide 687984462?
True
Is 2900229960 a multiple of 814?
False
Does 12 divide 77920812?
True
Does 22 divide 316907228?
True
Does 8 divide 198138808?
True
Is 8908458 a multiple of 53?
False
Is 46955952 a multiple of 24?
True
Is 20 a factor of 2639663180?
True
Is 11 a factor of 101686387?
True
Does 24 divide 355390364?
False
Does 386 divide 14267166?
False
Does 17 divide 257321316?
True
Is 28 a factor of 796301254?
False
Is 61764057 a multiple of 3177?
True
Is 4253 a factor of 2703279097?
False
Is 481 a factor of 352673495?
False
Is 713 a factor of 100820623?
False
Does 253 divide 32179070?
True
Is 941457613 a multiple of 506?
False
Does 99 divide 52270707?
False
Does 149 divide 126282268?
True
Is 30 a factor of 591240134?
False
Is 2554230423 a multiple of 4978?
False
Is 1128 a factor of 123659930?
False
Does 42 divide 104776476?
True
Is 17705000 a multiple of 125?
True
Is 15 a factor of 1885479?
False
Does 9 divide 303716809?
False
Is 514484575 a multiple of 17?
False
Is 259555749 a multiple of 3889?
True
Does 11 divide 344125265?
True
Is 576507 a multiple of 129?
False
Does 2384 divide 1811091363?
False
Is 301848071 a multiple of 1957?
False
Is 816073926 a multiple of 23?
False
Does 392 divide 26003320?
True
Is 6 a factor of 2783394?
True
Is 4702 a factor of 820838579?
False
Is 38 a factor of 84317022?
True
Is 839 a factor of 51008683?
True
Does 1538 divide 1123795206?
False
Is 11 a factor of 49958635?
False
Is 125725210 a multiple of 130?
True
Does 9 divide 39580038?
True
Does 1500 divide 62688673?
False
Is 11564654 a multiple of 19?
True
Is 442706336 a multiple of 32?
True
Is 418872766 a multiple of 649?
False
Is 39493395 a multiple of 201?
False
Does 28 divide 95556076?
True
Is 258 a factor of 160801080?
True
Does 83 divide 236753072?
False
Is 705450858 a multiple of 554?
True
Is 25 a factor of 112122751?
False
Does 549 divide 341594148?
False
Is 221588106 a multiple of 267?
True
Is 657400224 a multiple of 13?
True
Is 31379382 a multiple of 102?
True
Is 43 a factor of 24212698?
True
Is 621856774 a multiple of 77?
True
Does 21 divide 19566915?
False
Is 13 a factor of 27969825?
True
Does 1032 divide 8298312?
True
Is 34139510 a multiple of 5?
True
Is 349 a factor of 335455331?
False
Does 10 divide 1317880?
True
Does 17 divide 95916747?
False
Is 1907338959 a multiple of 159?
False
Is 33120920 a multiple of 1946?
True
Is 26 a factor of 9625226?
True
Is 1441 a factor of 87131343?
False
Does 5 divide 512034549?
False
Is 14618769 a multiple of 59?
False
Is 7 a factor of 27343582?
True
Is 137016675 a multiple of 15?
True
Is 227 a factor of 161305973?
True
Is 203298007 a multiple of 5601?
False
Is 603401656 a multiple of 68?
False
Is 21805000 a multiple of 35?
True
Is 5963160872 a multiple of 4940?
False
Does 249 divide 71948301?
True
Does 27 divide 1336284?
True
Does 15 divide 1122671976?
False
Does 165 divide 76556171?
False
Is 6 a factor of 98833728?
True
Is 961470560 a multiple of 1255?
True
Does 693 divide 13000127?
False
Is 425 a factor of 1078954874?
False
Is 314380930 a multiple of 3?
False
Is 25358005 a multiple of 8?
False
Does 31 divide 265405601?
True
Is 436038584 a multiple of 463?
True
Is 106996400 a multiple of 1442?
True
Does 62 divide 277600075?
False
Is 11 a factor of 7214229?
True
Does 1929 divide 404806437?
True
Is 28063004 a multiple of 964?
True
Does 14 divide 252572789?
False
Is 7195044 a multiple of 131?
True
Is 64480275 a multiple of 705?
False
Is 21 a factor of 1778621565?
True
Is 158 a factor of 1042355680?
False
Does 22 divide 6773162?
True
Is 1002916800 a multiple of 144?
True
Is 121198546 a multiple of 14?
True
Is 201000726 a multiple of 27?
False
Is 18074831 a multiple of 342?
False
Is 24 a factor of 751481232?
True
Does 583 divide 274814040?
False
Is 49 a factor of 17993478?
False
Does 181 divide 499944806?
True
Is 6435 a factor of 435044610?
True
Does 8 divide 292611432?
True
Does 15 divide 246496440?
True
Is 10 a factor of 193539890?
True
Is 13 a factor of 11464206?
True
Does 13 divide 5775781766?
False
Is 36 a factor of 1377542969?
False
Does 1440 divide 1786793241?
False
Is 1979 a factor of 147236931?
False
Does 52 divide 17901526?
False
Does 109 divide 1130282585?
True
Does 67 divide 79007405?
True
Is 10344 a factor of 1323049320?
True
Is 21230385 a multiple of 847?
False
Is 4592 a factor of 626791838?
False
Is 57753995 a multiple of 35?
False
Is 32455229 a multiple of 35?
False
Does 107 divide 11886397?
False
Is 121198691 a multiple of 607?
False
Does 169 divide 69859361?
True
Does 1058 divide 35742278?
False
Is 58500780 a multiple of 2327?
True
Does 36 divide 12003912?
True
Does 613 divide 66778619?
False
Is 28 a factor of 1447193073?
False
Does 6850 divide 1018540200?
True
Does 26 divide 731843190?
True
Is 135828822 a multiple of 1898?
False
Is 17 a factor of 3258615?
False
Is 3094458 a multiple of 526?
True
Is 1245 a factor of 6030953055?
True
Is 254262946 a multiple of 331?
True
Is 57 a factor of 177314346?
True
Does 62 divide 164106374?
True
Does 3 divide 236455969?
False
Does 32 divide 39690644?
False
Is 35681145 a multiple of 25?
False
Is 752641456 a multiple of 2173?
False
Is 28 a factor of 16712743?
False
Is 639101140 a multiple of 73?
False
Does 1431 divide 206458956?
True
Is 8090826 a multiple of 58?
True
Is 13 a factor of 18779753?
False
Is 26 a factor of 14115160?
False
Is 567 a factor of 128574791?
False
Is 3269130 a multiple of 15?
True
Is 309 a factor of 208580647?
False
Is 364 a factor of 248162824?
True
Is 964406828 a multiple of 122?
True
Is 15603904 a multiple of 2?
True
Is 40038047 a multiple of 13?
False
Is 153075838 a multiple of 96?
False
Does 6 divide 477406706?
False
Is 1028